mposite number?
False
Is 129711 a composite number?
True
Is 2971 a prime number?
True
Is 11027 a prime number?
True
Is 577293 a composite number?
True
Is 1399 a prime number?
True
Is 40163 a prime number?
True
Is 2722 a composite number?
True
Is 2957261 prime?
True
Is 43114 prime?
False
Is 37333 prime?
False
Is 5501 composite?
False
Is 559943 composite?
True
Is 150055 composite?
True
Is 18201 a composite number?
True
Is 55037 composite?
True
Is 28553 composite?
True
Is 13047 a composite number?
True
Is 84863 composite?
True
Is 89261 a composite number?
False
Is 14471 a prime number?
False
Is 181723 composite?
True
Is 51749 a prime number?
True
Is 23269 a composite number?
False
Is 1119259 prime?
False
Is 371383 a composite number?
False
Is 7513 a prime number?
False
Is 400927 composite?
False
Is 474413 prime?
True
Is 6779 prime?
True
Is 66007 prime?
False
Is 523877 a composite number?
False
Is 739 composite?
False
Is 149 composite?
False
Is 26539 prime?
True
Is 807 a composite number?
True
Is 12223 composite?
True
Is 353167 prime?
False
Is 735949 a prime number?
True
Is 23459 a prime number?
True
Is 9301 a composite number?
True
Is 810721 composite?
True
Is 1273061 composite?
True
Is 743 composite?
False
Is 28169 prime?
False
Is 311867 prime?
True
Is 7817 a composite number?
False
Is 122497 prime?
True
Is 513901 a prime number?
False
Is 151115 composite?
True
Is 31013 a composite number?
False
Is 1691 prime?
False
Is 1109 prime?
True
Is 27399 a composite number?
True
Is 54347 prime?
True
Is 907646 a composite number?
True
Is 16561 a prime number?
True
Is 840299 composite?
False
Is 1259 composite?
False
Is 17669 composite?
False
Is 563587 a prime number?
True
Is 18397 prime?
True
Is 481939 composite?
False
Is 68569 a prime number?
False
Is 326338 composite?
True
Is 67003 a prime number?
True
Is 80141 prime?
True
Is 4139 composite?
False
Is 1883 composite?
True
Is 444271 a prime number?
True
Is 3641 prime?
False
Is 83429 a composite number?
True
Is 711377 a prime number?
False
Is 445 a composite number?
True
Is 118033 a prime number?
True
Is 22271 prime?
True
Is 23489 a composite number?
True
Is 600611 a prime number?
False
Is 57093 prime?
False
Is 17179 composite?
True
Is 8413 prime?
False
Is 100591 prime?
True
Is 3193 a composite number?
True
Is 31247 prime?
True
Is 127859 composite?
False
Is 515087 a composite number?
False
Is 178631 composite?
True
Is 4117 a prime number?
False
Is 92239 prime?
False
Is 43343 composite?
True
Is 5158339 a prime number?
True
Is 3890521 a composite number?
False
Is 5033 composite?
True
Is 144497 a prime number?
True
Is 1361 prime?
True
Is 15689 a composite number?
True
Is 185901 a composite number?
True
Is 8887 prime?
True
Is 869 a prime number?
False
Is 194239 a composite number?
False
Is 264673 composite?
True
Is 314327 a prime number?
False
Is 70223 prime?
True
Is 4159 a composite number?
False
Is 14591 prime?
True
Is 13555 prime?
False
Is 3265 prime?
False
Is 310382 composite?
True
Is 220127 composite?
True
Is 14981 composite?
True
Is 14242 composite?
True
Is 899237 prime?
True
Is 738901 a composite number?
True
Is 14143 a composite number?
False
Is 958623 composite?
True
Is 7283 composite?
False
Is 1337 a prime number?
False
Is 4421 prime?
True
Is 135131 a composite number?
False
Is 27355 composite?
True
Is 572873 prime?
False
Is 5770097 composite?
False
Is 6028429 a prime number?
False
Is 6287 a prime number?
True
Is 332959 a prime number?
False
Is 45377 prime?
True
Is 661565 composite?
True
Is 160001 a prime number?
True
Is 613 a composite number?
False
Is 7237 a composite number?
False
Is 6711 a composite number?
True
Is 162191 a composite number?
True
Is 77677 a composite number?
True
Is 6823 composite?
False
Is 17219 a composite number?
True
Is 13535 a prime number?
False
Is 897433 a prime number?
True
Is 488087 a prime number?
False
Is 2270221 a composite number?
True
Is 453686 prime?
False
Is 33679 prime?
True
Is 217585 a composite number?
True
Is 39497 composite?
True
Is 864077 prime?
True
Is 146513 composite?
False
Is 40877 composite?
True
Is 2578 a composite number?
True
Is 534971 a prime number?
True
Is 19949 a composite number?
False
Is 78377 a prime number?
False
Is 4757 prime?
False
Is 123449 prime?
True
Is 43853 composite?
False
Is 38359 prime?
False
Is 28846 composite?
True
Is 192701 composite?
True
Is 68939 a composite number?
True
Is 57497 prime?
False
Is 26603 prime?
False
Is 40031 composite?
False
Is 141793 composite?
False
Is 80635 a composite number?
True
Is 25819 a composite number?
False
Is 11249 a prime number?
False
Is 253117 prime?
False
Is 64967 prime?
False
Is 18397 a prime number?
True
Is 79087 a composite number?
False
Is 5897 a prime number?
True
Is 493865 prime?
False
Is 44093 a prime number?
False
Is 51877 a prime number?
False
Is 22013 a composite number?
False
Is 21949 prime?
False
Is 16969 a prime number?
False
Is 1734653 prime?
False
Is 1424143 composite?
True
Is 26801 prime?
True
Is 5921 a composite number?
True
Is 175303 a composite number?
False
Is 1039 a composite number?
False
Is 9229 composite?
True
Is 6449 a composite number?
False
Is 104837 a composite number?
True
Is 46385 a composite number?
True
Is 3779 a composite number?
False
Is 11863 a prime number?
True
Is 1382159 prime?
True
Is 2395 prime?
False
Is 6778 composite?
True
Is 18751 composite?
True
Is 4327 prime?
True
Is 71011 a composite number?
False
Is 36037 composite?
False
Is 13561 composite?
True
Is 1397 a prime number?
False
Is 6469 prime?
True
Is 5839 a prime number?
True
Is 34187 composite?
True
Is 26977 prime?
False
Is 9305 a prime number?
False
Is 224606 a prime number?
False
Is 113 a prime number?
True
Is 39943 a composite number?
True
Is 3181 a composite number?
False
Is 1697207 composite?
True
Is 24469 a composite number?
False
Is 123517 prime?
True
Is 46049 a prime number?
True
Is 2393 composite?
False
Is 2751449 a composite number?
False
Is 162881 a prime number?
True
Is 50983 a composite number?
True
Is 24499 a composite number?
False
Is 77839 composite?
False
Is 876157 prime?
False
Is 419 a composite number?
False
Is 956101 composite?
True
Is 1185313 composite?
False
Is 272807 prime?
True
Is 15227 a composite number?
False
Is 1739 a prime number?
False
Is 96035 prime?
False
Is 1151 prime?
True
Is 52079 prime?
False
Is 5079 prime?
False
Is 20671 a prime number?
False
Is 77851 a composite number?
True
Is 44017 a composite number?
False
Is 130495 prime?
False
Is 29626 composite?
True
Is 58553 composite?
True
Is 67951 a composite number?
True
Is 57949 composite?
True
Is 1469779 a composite number?
True
Is 2539 a composite number?
False
Is 8261 a composite number?
True
Is 3389 a prime number?
True
Is 18617 composite?
False
Is 542649 a composite number?
True
Is 1455715 a composite number?
True
Is 45007 prime?
True
Is 3287 composite?
True
Is 2149 prime?
False
Is 6287 prime?
True
Is 20141 a prime number?
False
Is 2818 a prime number?
False
Is 983647 prime?
False
Is 838829 a prime number?
False
Is 243229 a prime number?
False
Is 31359 composite?
True
Is 311 composite?
False
Is 1111151 a composite number?
False
Is 387029 composite?
True
Is 11209 composite?
True
Is 191155 a prime number?
False
Is 5533 a prime number?
False
Is 11797 a composite number?
True
Is 4851277 a prime number?
True
Is 721753 a prime number?
False
Is 181169 prime?
False
Is 3683 composite?
True
Is 11113 composite?
False
Is 111947 composite?
True
Is 111113 a prime number?
False
Is 20681 composite?
False
Is 38503 a prime number?
False
Is 28687 composite?
False
Is 190139 prime?
False
Is 479 prime?
True
Is 89942 prime?
False
Is 809 a prime number?
True
Is 1138207 prime?
False
Is 121133 a prime number?
False
Is 18951 a prime number?
False
Is 72601 a composite number?
True
Is 12031 prime?
False
Is 17737 prime?
True
Is 5297 a prime number?
True
Is 1126 a composite number?
True
Is 6537 a prime number?
False
Is 647 a composite number?
False
Is 2157 composite?
True
Is 4109 composite?
True
Is 290903 prime?
False
Is 142007 composite?
False
Is 49237 prime?
False
Is 311503 prime?
False
Is 50515 prime?
False
Is 4107865 prime?
False
Is 933445 a prime number?
False
Is 788153 a composite number?
False
Is 336169 composite?
True
Is 257 a composi